 by 189?
188
What is the remainder when 189 is divided by 95?
94
What is the remainder when 411 is divided by 246?
165
Calculate the remainder when 117 is divided by 92.
25
Calculate the remainder when 67 is divided by 5.
2
Calculate the remainder when 1257 is divided by 30.
27
What is the remainder when 346 is divided by 35?
31
Calculate the remainder when 2444 is divided by 144.
140
Calculate the remainder when 1460 is divided by 66.
8
Calculate the remainder when 271 is divided by 269.
2
Calculate the remainder when 943 is divided by 43.
40
What is the remainder when 697 is divided by 176?
169
Calculate the remainder when 2614 is divided by 861.
31
Calculate the remainder when 6764 is divided by 17.
15
Calculate the remainder when 748 is divided by 229.
61
What is the remainder when 123 is divided by 46?
31
What is the remainder when 92 is divided by 25?
17
Calculate the remainder when 1859 is divided by 14.
11
Calculate the remainder when 382 is divided by 11.
8
Calculate the remainder when 151 is divided by 39.
34
Calculate the remainder when 255 is divided by 123.
9
What is the remainder when 31 is divided by 4?
3
What is the remainder when 5244 is divided by 11?
8
What is the remainder when 871 is divided by 836?
35
Calculate the remainder when 672 is divided by 118.
82
Calculate the remainder when 351 is divided by 16.
15
What is the remainder when 7199 is divided by 45?
44
Calculate the remainder when 221 is divided by 43.
6
What is the remainder when 61 is divided by 9?
7
Calculate the remainder when 373 is divided by 176.
21
What is the remainder when 58 is divided by 7?
2
Calculate the remainder when 668 is divided by 22.
8
Calculate the remainder when 5165 is divided by 136.
133
What is the remainder when 841 is divided by 69?
13
Calculate the remainder when 7970 is divided by 1593.
5
Calculate the remainder when 73 is divided by 22.
7
What is the remainder when 404 is divided by 76?
24
What is the remainder when 201 is divided by 17?
14
What is the remainder when 505 is divided by 130?
115
Calculate the remainder when 1370 is divided by 61.
28
What is the remainder when 54 is divided by 28?
26
Calculate the remainder when 4273 is divided by 75.
73
What is the remainder when 1902 is divided by 159?
153
What is the remainder when 532 is divided by 271?
261
What is the remainder when 187 is divided by 19?
16
What is the remainder when 394 is divided by 79?
78
Calculate the remainder when 112 is divided by 14.
0
Calculate the remainder when 2024 is divided by 45.
44
Calculate the remainder when 2861 is divided by 159.
158
Calculate the remainder when 28 is divided by 26.
2
What is the remainder when 109 is divided by 22?
21
What is the remainder when 77 is divided by 32?
13
What is the remainder when 46 is divided by 45?
1
Calculate the remainder when 21639 is divided by 17.
15
Calculate the remainder when 170 is divided by 48.
26
Calculate the remainder when 243 is divided by 49.
47
Calculate the remainder when 32668 is divided by 22.
20
What is the remainder when 3740 is divided by 1868?
4
What is the remainder when 86 is divided by 8?
6
What is the remainder when 1631 is divided by 543?
2
What is the remainder when 49 is divided by 12?
1
What is the remainder when 1435 is divided by 20?
15
Calculate the remainder when 101 is divided by 73.
28
Calculate the remainder when 2123 is divided by 20.
3
Calculate the remainder when 40 is divided by 4.
0
What is the remainder when 58 is divided by 17?
7
What is the remainder when 967 is divided by 51?
49
Calculate the remainder when 220 is divided by 69.
13
What is the remainder when 86 is divided by 32?
22
What is the remainder when 206 is divided by 43?
34
Calculate the remainder when 416 is divided by 59.
3
Calculate the remainder when 175 is divided by 8.
7
What is the remainder when 110 is divided by 36?
2
What is the remainder when 1138 is divided by 199?
143
Calculate the remainder when 901 is divided by 176.
21
What is the remainder when 1209 is divided by 42?
33
Calculate the remainder when 372 is divided by 78.
60
What is the remainder when 9574 is divided by 31?
26
Calculate the remainder when 45 is divided by 27.
18
Calculate the remainder when 246 is divided by 75.
21
Calculate the remainder when 512 is divided by 369.
143
What is the remainder when 26594 is divided by 186?
182
What is the remainder when 219 is divided by 31?
2
What is the remainder when 1050 is divided by 211?
206
Calculate the remainder when 214 is divided by 43.
42
What is the remainder when 318 is divided by 40?
38
What is the remainder when 6470 is divided by 231?
2
Calculate the remainder when 28 is divided by 19.
9
Calculate the remainder when 85 is divided by 8.
5
Calculate the remainder when 230 is divided by 26.
22
What is the remainder when 88 is divided by 26?
10
Calculate the remainder when 12631 is divided by 12618.
13
Calculate the remainder when 961 is divided by 8.
1
What is the remainder when 793 is divided by 3?
1
Calculate the remainder when 121 is divided by 13.
4
Calculate the remainder when 1140 is divided by 403.
334
What is the remainder when 684 is divided by 27?
9
Calculate the remainder when 1887 is divided by 43.
38
Calculate the remainder when 313 is divided by 81.
70
What is the remainder when 3686 is divided by 35?
11
Calculate the remainder when 1286 is divided by 23.
21
Calculate the remainder when 833 is divided by 40.
33
What is the remainder when 8949 is divided by 27?
12
Calculate the remainder when 208 is divided by 49.
12
What is the remainder when 473 is divided by 40?
33
What is the remainder when 163 is divided by 7?
2
Calculate the remainder when 69 is divided by 55.
14
Calculate the remainder when 468 is divided by 268.
200
Calculate the remainder when 1948 is divided by 242.
12
What is the remainder when 103 is divided by 39?
25
What is the remainder when 426 is divided by 33?
30
Calculate the remainder when 72 is divided by 25.
22
What is the remainder when 359 is divided by 4?
3
Calculate the remainder when 377 is divided by 18.
17
What is the remainder when 128 is divided by 128?
0
Calculate the remainder when 58 is divided by 3.
1
What is the remainder when 1173 is divided by 7?
4
Calculate the remainder when 551 is divided by 15.
11
Calculate the remainder when 45 is divided by 38.
7
Calculate the remainder when 345 is divided by 12.
9
Calculate the remainder when 56 is divided by 29.
27
What is the remainder when 8260 is divided by 15?
10
What is the remainder when 205 is divided by 87?
31
Calculate the remainder when 4171 is divided by 80.
11
What is the remainder when 349 is divided by 70?
69
Calculate the remainder when 1274 is divided by 75.
74
What is the remainder when 12429 is divided by 42?
39
Calculate the remainder when 2430 is divided by 245.
225
What is the remainder when 82 is divided by 37?
8
Calculate the remainder when 58 is divided by 12.
10
What is the remainder when 389 is divided by 143?
103
Calculate the remainder when 2425 is divided by 13.
7
What is the remainder when 384 is divided by 187?
10
What is the remainder when 956 is divided by 228?
44
What is the remainder when 90 is divided by 23?
21
What is the remainder when 92 is divided by 24?
20
Calculate the remainder when 7724 is divided by 12.
8
Calculate the remainder when 1083 is divided by 219.
207
Calculate the remainder when 92 is divided by 24.
20
What is the remainder when 5518 is divided by 64?
14
What is the remainder when 993 is divided by 112?
97
What is the remainder when 919 is divided by 278?
85
Calculate the remainder when 6749 is divided by 15.
14
What is the remainder when 13109 is divided by 8?
5
What is the remainder when 68 is divided by 54?
14
What is the remainder when 22 is divided by 6?
4
What is the remainder when 9 is divided by 2?
1
What is the remainder when 491 is divided by 168?
155
What is the remainder when 822 is divided by 118?
114
Calculate the remainder when 4042 is divided by 169.
155
What is the remainder when 1000 is divided by 68?
48
What is the remainder when 1662 is divided by 24?
6
What is the remainder when 145 is divided by 17?
9
What is the remainder when 922 is divided by 87?
52
Calculate the remainder when 327 is divided by 47.
45
